105 = -2*m, 864 = w + 5*m - 226. Suppose 0 = 17*n - w - 1843. What are the prime factors of n?
2, 3, 29
Let o be (1 - -3) + (-140)/14. Let b(u) = -4*u**3 + u**2 + 9*u - 20. List the prime factors of b(o).
2, 7, 59
What are the prime factors of 13044 - (-15)/(-5) - (-52)/(-52)?
2, 5, 163
Let k = 356 - 92. Let z = k - -47. List the prime factors of z.
311
Let b be ((-16)/8)/(1/(-1)). Suppose -22 = b*j - 10. Let u = j + 25. List the prime factors of u.
19
Let y be 10 - (-2 + 4 + 3). List the prime factors of 4/(-20)*y - 250*-5.
1249
Let q(i) = 9*i**3 - 6*i**2 - i - 19. Let k be q(5). Suppose 4188 = 9*x - k. What are the prime factors of x?
571
Suppose 830523 = 34*m - 1386413. What are the prime factors of m?
2, 16301
List the prime factors of (144074/8 - -3)/(-6*3/(-72)).
109, 661
Let w = 38257 - 20596. What are the prime factors of w?
3, 7, 29
List the prime factors of 1/(11/94875) - -3.
2, 3, 719
Suppose -2*z + 3*n - 6677 = -4*z, 0 = n - 1. List the prime factors of z.
47, 71
Suppose -2*l = -7*l - f - 34, 3*l + f + 22 = 0. Suppose -5*d + 125 = -5*x, 11 = -x + 27*d - 40*d. What are the prime factors of (-4533)/x + l/(-48)?
3, 7
Let v be (-12)/24 - ((-602)/(-4) - -2). Let j = 155 + v. List the prime factors of j.
2
Let v(j) = -j + 19. Let b(r) = r - 19. Let o(l) = -5*b(l) - 4*v(l). Suppose -17 = 3*p - 62. What are the prime factors of o(p)?
2
Let l be (1758/4)/(11/88). Suppose -3*j + l = -40*o + 43*o, -4*j - 2*o + 4678 = 0. List the prime factors of j.
3, 389
Let c be ((-10)/(-1))/(48/(-18) + 2). Let q be (-9)/2*(c - 5)/5. Let k = 109 - q. List the prime factors of k.
7, 13
Let c be 368/(-28) + -3 + (-11)/(-77). List the prime factors of c/24*(0 - 555).
2, 5, 37
Let f(y) = y**3 + 18 - 31 - 24*y + 12 + 11*y**2. Let g be f(-12). Suppose 0 = g*a - 142*a - 69. List the prime factors of a.
3, 23
Let u(b) = -2 - 6*b - 16*b - 20 + 120. List the prime factors of u(-9).
2, 37
Let z(x) = x**3 - 46*x**2 - 8*x + 115. List the prime factors of z(47).
2, 487
Let i(r) = -r**2 + 13*r - 30. Let o be i(9). Suppose -g + 10 = -o. Suppose -11*t + 13*t = g. What are the prime factors of t?
2
Suppose 2*x - 11032 = 2*h, -2*x + 9245 = 4*h - 1793. List the prime factors of x.
3, 613
Let w(s) = -s**3 - 70*s**2 - 64*s - 135. What are the prime factors of w(-73)?
2, 7, 733
Suppose -3*m - 2364 = -4*o + 15152, 8758 = 2*o - 5*m. Let f = o - 2916. What are the prime factors of f?
7, 11, 19
Let c(d) = d - 1. Let w(l) = l**2 + 15*l - 27. Let v(a) = 5*c(a) - w(a). Suppose 0 = -2*m, m - 24 = 5*f + 21. List the prime factors of v(f).
31
Suppose 2*f = -2*u + 236, 203 = 4*f - u - 274. Suppose -f = r - 359. What are the prime factors of r?
2, 3, 5
Suppose 0 = -20*c + 15*c - 2*w + 7249, -2*w - 4343 = -3*c. What are the prime factors of c?
3, 7, 23
Suppose 0 = d + 253 - 865. Suppose -q = 4*k - 1641, -3*k - 4*q + 622 = -d. List the prime factors of k.
2, 5, 41
What are the prime factors of 408/18*-6*3393/(-26)?
2, 3, 17, 29
Let p = 343 - 326. Suppose -2*m - p*m = -7011. What are the prime factors of m?
3, 41
Let t(l) = 3*l**3 + 2*l**2 - 6*l + 5. Let w be t(2). Let x = w - 24. List the prime factors of (x + 1 - 22)*7/(-2).
2, 5, 7
Suppose 5*z = 4*m - 8*m + 32996, -4*m + 33012 = z. List the prime factors of m.
2, 4127
Let p(c) = 11*c**2 + 12*c - 34. Let l be p(6). Suppose 2*y = l + 4. List the prime factors of y.
3, 73
Let q = -23 + 56. Suppose -q*k + 2893 = -22*k. List the prime factors of k.
263
Let r(n) = 2036*n**2 - 141*n - 759. What are the prime factors of r(-5)?
2, 25423
Let l be (-723)/(-2)*(-208)/(-6). Suppose 0 = 9*f - l + 2812. List the prime factors of f.
2, 3, 5
Suppose 109*b - 1892826 - 547466 = 0. List the prime factors of b.
2, 29, 193
Suppose -30*s + 28*s + 44785 = 5*q, 25 = 5*q. What are the prime factors of s?
2, 3, 5, 373
What are the prime factors of (-2837 - 43)*(-45)/27?
2, 3, 5
List the prime factors of 2 - (4 - 1) - -3577.
2, 3, 149
Let c be (-40)/(-400) + 362/(-20). What are the prime factors of (-3)/c - (-959)/6?
2, 5
Let q(l) be the third derivative of l**6/120 + 13*l**5/60 - l**3 + 27*l**2. Let s be q(-13). Let g = s - -11. What are the prime factors of g?
5
Suppose 5*i - 30770 = -5*x, 18414 = -16*x + 19*x - 5*i. List the prime factors of x.
2, 29, 53
Suppose s - 5 = k, 9 = 3*s - 2*k - 6. Suppose 3*d - 4*w - 661 = 0, -w = d - s*d + 890. What are the prime factors of d?
223
Let q be (-6 - -12) + (1 - 5). Suppose 0 = -2*r + 2 + q. Suppose 395 = 5*p + 4*t, -97 = -5*p + r*t + 328. List the prime factors of p.
83
Let l = 81 - 136. Let g = 88 + l. Suppose -35*u = -g*u - 34. List the prime factors of u.
17
Let t(f) = -2140*f + 7888. What are the prime factors of t(-10)?
2, 7, 523
Suppose 4 + 16 = 5*x. Suppose 5*a = 0, 222 = 5*b + x*a - 463. What are the prime factors of b?
137
Let y(x) = -x**2 + 14*x + 19. Let q be y(15). List the prime factors of (2/q)/(15/17790).
593
Let c = -17 + 23. Let w(i) = -36*i - 58. Let h be w(c). Let b = h - -401. List the prime factors of b.
127
Let g = 1423 + -757. Let h = -340 + g. Suppose -18*p = -h - 2374. What are the prime factors of p?
2, 3, 5
Let l(f) = 3 - 4*f**2 + 3*f - 7*f**3 - 2*f + 2*f**2 + 84*f**3. List the prime factors of l(2).
613
Let d = 168 + -166. Let k(a) = 4*a**2 + 4. Let o be k(-5). Suppose -3*f - d*f - 10 = 0, -4*f = 2*c - o. What are the prime factors of c?
2, 7
Suppose a - 20 = -5*s, -4*a = -2*s - 0*a - 14. Suppose -s*t - 12 = -51. Let c(p) = p**3 - 12*p**2 - 5*p - 13. List the prime factors of c(t).
7, 13
Suppose -2*z + 3*k + 72753 = 0, 6*z + 45*k - 218324 = 41*k. What are the prime factors of z?
2, 3, 379
Let o(d) = -341*d - 58. Let u be o(5). Let n = -1207 - u. List the prime factors of n.
2, 139
Let c(m) = -m**2 + 12*m + 64. Let r be c(16). Suppose -8*q + r*q = -1288. What are the prime factors of q?
7, 23
What are the prime factors of (-68880)/(-6) + (-18)/6?
23, 499
Suppose 0 = -65*a + 327454 + 231871. What are the prime factors of a?
5, 1721
Let j(o) = o**2 + 53 + 8*o - 22 - 24. Let d be j(-7). Suppose 4*f - 49 + 9 = d. List the prime factors of f.
2, 5
What are the prime factors of (-6 - (5 + -10)) + 14751?
2, 5, 59
Let y be 117/(-273) + 114/21 + 1. List the prime factors of 4377/5 - y/(-10).
2, 3, 73
What are the prime factors of (0 + 1)/((-170)/(-7584550))?
5, 8923
Let z = -593 + -509. Let i = z + 1783. What are the prime factors of i?
3, 227
Suppose 0 = -9*d + 11*d + 4*o - 13226, -3*d + o + 19853 = 0. List the prime factors of d.
13, 509
Let j(i) = 33*i - 27. Let r be j(1). Suppose r*k = k + 7075. What are the prime factors of k?
5, 283
Let t(x) = -280*x - 10. Let r be t(2). Let k = -346 - r. Suppose 136 = 5*p - k. What are the prime factors of p?
2, 3
Let j = 366 - 362. What are the prime factors of 1395/j - 6/8?
2, 3, 29
Suppose 93847 - 693747 = -20*b. List the prime factors of b.
5, 7, 857
Let a = 1100 - -3307. Let s be 2 - 10/8 - a/(-12). Suppose -x + 198 = 5*y, -4*y + 0*y - s = -2*x. List the prime factors of x.
2, 47
Suppose 430*o - 1105924 = 128*o. List the prime factors of o.
2, 1831
Let k(g) = -32*g - 49. Let d be k(-3). Suppose 44*n + 963 = d*n. What are the prime factors of n?
3, 107
Suppose -2*w = -2*j - 8, 0*w - 12 = 4*w + 3*j. Suppose -l + 8 - 3 = w. Suppose l*v + 0*v - 705 = 0. List the prime factors of v.
3, 47
Let c(y) = 362*y**2 - 14*y - 13. Let q be c(-1). Suppose -304 = -s + q. List the prime factors of s.
23, 29
Let p = -41 + 37. Let d be 1*-10*p/10. Suppose 0 = -d*w + 43 + 5. List the prime factors of w.
2, 3
Suppose -100*c - 287944 = -1316344. What are the prime factors of c?
2, 3, 857
Let s(x) = 5*x + 10. Let h be s(9). Let a = 1003 + -970. List the prime factors of a/h - 407/(-5).
2, 41
Suppose -146 = -5*n + 4*y - 0*y, -3*n + 3*y + 87 = 0. Let o(s) = 4 + 9*s + n*s + 30*s + 13*s. List the prime factors of o(1).
2, 43
Suppose 0 = 5*o + 3*y - 4756, -14*y = -3*o - 17*y + 2850. List the prime factors of o.
953
Let w be (-144)/2*((-1197)/4)/21. Let r = -167 + w. What are the prime factors of r?
859
Let k = -14447 - -10114. List the prime factors of ((k/6)/7)/((-9)/54).
619
Suppose 5*y - i - 795 = 3*y, -5*i + 425 = y. Suppose -z + y = -3*z. Let j = 286 + z. What are the prime factors of j?
2, 43
Let d = -897 + 890. Let k(y) = 4*y**2 + 51*y + 311. What are the prime factors of k(d)?
